are the prime factors of 8846?
2, 4423
List the prime factors of 39708.
2, 3, 1103
List the prime factors of 3710.
2, 5, 7, 53
What are the prime factors of 32290?
2, 5, 3229
List the prime factors of 13137.
3, 29, 151
List the prime factors of 70761.
3, 103, 229
List the prime factors of 65.
5, 13
List the prime factors of 1207.
17, 71
List the prime factors of 15592.
2, 1949
What are the prime factors of 1121?
19, 59
What are the prime factors of 5992?
2, 7, 107
What are the prime factors of 36510?
2, 3, 5, 1217
What are the prime factors of 1349?
19, 71
What are the prime factors of 389?
389
What are the prime factors of 76988?
2, 19, 1013
What are the prime factors of 684?
2, 3, 19
What are the prime factors of 1784?
2, 223
List the prime factors of 821.
821
List the prime factors of 122623.
47, 2609
List the prime factors of 20750.
2, 5, 83
What are the prime factors of 7915?
5, 1583
What are the prime factors of 81433?
11, 673
List the prime factors of 5299.
7, 757
List the prime factors of 21364.
2, 7, 109
List the prime factors of 10754.
2, 19, 283
What are the prime factors of 6293?
7, 29, 31
List the prime factors of 1177.
11, 107
What are the prime factors of 39791?
39791
List the prime factors of 8468.
2, 29, 73
List the prime factors of 19143.
3, 709
List the prime factors of 25973.
19, 1367
List the prime factors of 22807.
22807
What are the prime factors of 2541?
3, 7, 11
What are the prime factors of 2873?
13, 17
What are the prime factors of 6426?
2, 3, 7, 17
List the prime factors of 5467.
7, 11, 71
List the prime factors of 8631.
3, 7, 137
What are the prime factors of 10164?
2, 3, 7, 11
What are the prime factors of 25911?
3, 2879
What are the prime factors of 6325?
5, 11, 23
What are the prime factors of 5059?
5059
List the prime factors of 17511.
3, 13, 449
What are the prime factors of 102?
2, 3, 17
List the prime factors of 3556.
2, 7, 127
List the prime factors of 1591.
37, 43
What are the prime factors of 76971?
3, 25657
List the prime factors of 1031.
1031
What are the prime factors of 51875?
5, 83
What are the prime factors of 3286?
2, 31, 53
What are the prime factors of 11102?
2, 7, 13, 61
List the prime factors of 863.
863
List the prime factors of 7930.
2, 5, 13, 61
What are the prime factors of 1896?
2, 3, 79
What are the prime factors of 1294?
2, 647
List the prime factors of 8483.
17, 499
What are the prime factors of 9972?
2, 3, 277
What are the prime factors of 1988?
2, 7, 71
List the prime factors of 2524.
2, 631
List the prime factors of 396.
2, 3, 11
List the prime factors of 2041.
13, 157
List the prime factors of 50423.
50423
List the prime factors of 53586.
2, 3, 13, 229
What are the prime factors of 1079?
13, 83
List the prime factors of 18509.
83, 223
List the prime factors of 12937.
17, 761
What are the prime factors of 1181?
1181
List the prime factors of 33758.
2, 16879
List the prime factors of 875.
5, 7
List the prime factors of 31968.
2, 3, 37
List the prime factors of 3688.
2, 461
List the prime factors of 9577.
61, 157
What are the prime factors of 31537?
11, 47, 61
List the prime factors of 1366.
2, 683
List the prime factors of 479.
479
What are the prime factors of 360?
2, 3, 5
List the prime factors of 14272.
2, 223
List the prime factors of 88945.
5, 17789
List the prime factors of 23011.
23011
List the prime factors of 10919.
61, 179
What are the prime factors of 51975?
3, 5, 7, 11
List the prime factors of 1810.
2, 5, 181
What are the prime factors of 3006?
2, 3, 167
What are the prime factors of 1086?
2, 3, 181
List the prime factors of 40284.
2, 3, 373
What are the prime factors of 30291?
3, 23, 439
What are the prime factors of 6767?
67, 101
What are the prime factors of 11671?
11, 1061
List the prime factors of 3252.
2, 3, 271
List the prime factors of 6366.
2, 3, 1061
List the prime factors of 2268.
2, 3, 7
List the prime factors of 960.
2, 3, 5
List the prime factors of 11539.
11, 1049
List the prime factors of 181.
181
List the prime factors of 60446.
2, 30223
What are the prime factors of 18218?
2, 9109
List the prime factors of 2116.
2, 23
What are the prime factors of 1700?
2, 5, 17
What are the prime factors of 11434?
2, 5717
List the prime factors of 43352.
2, 5419
What are the prime factors of 2428?
2, 607
What are the prime factors of 66612?
2, 3, 7, 13, 61
What are the prime factors of 1209?
3, 13, 31
What are the prime factors of 14728?
2, 7, 263
What are the prime factors of 31379?
31379
What are the prime factors of 2215?
5, 443
List the prime factors of 609.
3, 7, 29
What are the prime factors of 629?
17, 37
List the prime factors of 1773.
3, 197
What are the prime factors of 2106?
2, 3, 13
What are the prime factors of 2868?
2, 3, 239
List the prime factors of 59211.
3, 17, 43
List the prime factors of 2540.
2, 5, 127
What are the prime factors of 9235?
5, 1847
What are the prime factors of 72966?
2, 3, 12161
List the prime factors of 472.
2, 59
What are the prime factors of 3542?
2, 7, 11, 23
List the prime factors of 21289.
61, 349
List the prime factors of 10887.
3, 19, 191
What are the prime factors of 2062?
2, 1031
What are the prime factors of 43064?
2, 7, 769
What are the prime factors of 139433?
7, 19919
List the prime factors of 30340.
2, 5, 37, 41
What are the prime factors of 12228?
2, 3, 1019
List the prime factors of 1850.
2, 5, 37
List the prime factors of 25488.
2, 3, 59
List the prime factors of 11321.
11321
List the prime factors of 1149.
3, 383
List the prime factors of 126760.
2, 5, 3169
List the prime factors of 759.
3, 11, 23
What are the prime factors of 1402?
2, 701
What are the prime factors of 27169?
101, 269
List the prime factors of 855.
3, 5, 19
List the prime factors of 54310.
2, 5, 5431
List the prime factors of 28113.
3, 9371
What are the prime factors of 515?
5, 103
List the prime factors of 902.
2, 11, 41
List the prime factors of 657.
3, 73
List the prime factors of 1128.
2, 3, 47
What are the prime factors of 719?
719
List the prime factors of 20483.
20483
List the prime factors of 1267.
7, 181
What are the prime factors of 488?
2, 61
What are the prime factors of 14766?
2, 3, 23, 107
List the prime factors of 939.
3, 313
What are the prime factors of 1778?
2, 7, 127
List the prime factors of 1122.
2, 3, 11, 17
List the prime factors of 30475.
5, 23, 53
List the prime factors of 92004.
2, 3, 11, 17, 41
What are the prime factors of 90942?
2, 3, 23, 659
List the prime factors of 16940.
2, 5, 7, 11
List the prime factors of 55.
5, 11
List the prime factors of 27702.
2, 3, 19
What are the prime factors of 186?
2, 3, 31
What are the prime factors of 7891?
13, 607
What are the prime factors of 736?
2, 23
List the prime factors of 1121.
19, 59
What are the prime factors of 12147?
3, 4049
List the prime factors of 6946.
2, 23, 151
List the prime factors of 10509.
3, 31, 113
What are the prime factors of 2781?
3, 103
What are the prime factors of 1439?
1439
What are the prime factors of 330?
2, 3, 5, 11
List the prime factors of 39428.
2, 9857
List the prime factors of 2196.
2, 3, 61
What are the prime factors of 8605?
5, 1721
List the prime factors of 5503.
5503
List the prime factors of 2660.
2, 5, 7, 19
What are the prime factors of 179724?
2, 3, 17, 881
What are the prime factors of 60289?
60289
List the prime factors of 18714.
2, 3, 3119
List the prime factors of 1216.
2, 19
What are the prime factors of 5214?
2, 3, 11, 79
List the prime factors of 6662.
2, 3331
List the prime factors of 10214.
2, 5107
What are the prime factors of 23820?
2, 3, 5, 397
What are the prime factors of 5604?
2, 3, 467
What are the prime factors of 91815?
3, 5, 6121
What are the prime factors of 2631?
3, 877
List the prime factors of 1237.
1237
What are the prime factors of 800?
2, 5
What are the prime factors of 3365?
5, 673
List the prime factors of 178.
2, 89
What are the prime factors of 117054?
2, 3, 7, 929
What are the prime factors of 904?
2, 113
List the prime factors of 546.
2, 3, 7, 13
List the prime factors of 1644.
2, 3, 137
List the prime factors of 7476.
2, 3, 7, 89
List the prime factors of 1556.
2, 389
What are the prime factors of 605?
5, 11
List the prime factors of 7156.
2, 1789
What are the prime factors of 214?
2, 107
List the pri